-1 - 13)?
2, 3
Let t be (-15)/12*(-2 + -2). Suppose -t*h + 12 = -3*w - 19, 4*h - 8 = 0. Let p = w + 17. List the prime factors of p.
2, 5
Suppose 4*k = 0, 3*r = -5*k + k + 60. Let t = 37 - r. What are the prime factors of t?
17
Suppose k + 0*k - g = 9, 0 = 2*g - 4. Let y = k + -20. Let r = 6 - y. What are the prime factors of r?
3, 5
Suppose 0 = l + 2*t + 3*t - 51, -2*l - t = -66. List the prime factors of l.
31
Let p = 126 + -53. What are the prime factors of p?
73
Suppose -3*y + 2*y + 7 = 0. Let t(c) = -c**2 + 9*c - 9. Let o be t(y). Suppose -o*l - 4*v + v = -1, -3*l = 2*v. List the prime factors of l.
2
Let y(m) = m**2 - m + 8. Let i = 17 - 9. Let t be y(i). Suppose 4*o = -4*c + t, o - 3*c - 30 = 6. List the prime factors of o.
3, 7
Suppose 60 = 4*l - 0*l. What are the prime factors of 4 + -2 - (-1 - l)?
2, 3
Let y(t) = -t**3 + 5*t**2 - 2*t - 2. Let v be y(4). Let k = 11 - v. Suppose -k*a + 1 = 5*d + 6, -8 = -a + 2*d. What are the prime factors of a?
2
Let p(y) be the third derivative of y**5/60 - y**4/12 - y**3/6 + 3*y**2. Suppose -4*q + 5*i = -3*q - 14, 8 = -4*i. List the prime factors of p(q).
7
Let v(k) = k**2 + 9. Let l be v(0). Suppose -j + 4*j = l. Suppose i = c - 4*c + 1, -2*c - 25 = -j*i. List the prime factors of i.
7
Let b(f) = -f**3 - 7*f**2 - 8*f - 8. Suppose 1 = -a - 5. List the prime factors of b(a).
2
Suppose 15 - 39 = -3*t. What are the prime factors of t?
2
Let v(z) = z**3 + 7*z**2 - 10*z - 10. Let a = 1 - 9. List the prime factors of v(a).
2, 3
Let l(m) = m**2 + 4*m + 4. Let n = 2 + -7. List the prime factors of l(n).
3
Let s(j) = j - 4. Let v be s(7). Suppose 0 = -5*t - m - 3, -v*t + 4*m + 12 = -7*t. Suppose t = -2*b + b + 14. What are the prime factors of b?
2, 7
Let k(t) = 2*t - 2. Let j be k(2). Suppose -4*p = 2*y - 64, 0*p + j = -p. List the prime factors of y.
2, 3
Suppose 5*n - 3*z - 418 = 0, 5*z = 5*n + 4*z - 416. What are the prime factors of n?
83
Let u(w) = w**2 - 14*w + 16. List the prime factors of u(13).
3
Let k = 7 + -3. Suppose 5*d + 2*z - 62 = -4, -46 = -k*d - 2*z. Suppose -15 = -3*b + d. What are the prime factors of b?
3
Suppose 0*s + 3*k - 25 = -2*s, -3*k - 31 = -2*s. Let b be (-4)/14 - 332/s. Let c = b - -35. What are the prime factors of c?
11
Let j(x) = x**2 - 6*x - 12. Let m(p) = -p + 5. Let r be m(-5). Let f be j(r). List the prime factors of ((-2)/(-4))/(2/f).
7
Suppose 2*n = -0*n. Suppose -4*s - 22 = 2*d, n = 3*s + 4*d + d - 1. Let o = 0 - s. List the prime factors of o.
2
Let c(p) = p**3 + 10*p**2 + 8*p. Suppose 0 = -q + 2*q + 3*f + 6, -f + 1 = 0. What are the prime factors of c(q)?
3
Let f be (-10)/4*12/(-10). Let c(y) = -y + 7. Let d be c(f). Let g(a) = a**2 - 2*a + 3. What are the prime factors of g(d)?
11
Let i(w) = -w**3 - 3*w**2 - 6*w. Let m be i(-5). Suppose -p + m = 3*p. What are the prime factors of p?
2, 5
Let r = 9 + 2. What are the prime factors of r?
11
Let p(s) = s**3 - 8*s**2 + 6*s - 2. List the prime factors of p(8).
2, 23
Let y be 12*(-2)/2 + 1. Let c = y + 31. List the prime factors of c.
2, 5
What are the prime factors of (-1)/(-3) + (-3530)/(-30)?
2, 59
Let g(q) = q**3 + 3*q**2 + 2. Let d be g(-3). What are the prime factors of (d/6)/(6/198)?
11
Let p(u) = 2*u**2 - 14*u + 5. What are the prime factors of p(10)?
5, 13
Let d = 6 + -4. Let s(i) = 2*i**2 + 9*i**2 + 7*i**2 - 5*i**d. List the prime factors of s(1).
13
Suppose -9 = -4*u - 3*p + 14, 0 = -2*p + 10. Let r be -6*u/(-9)*-3. Let c(z) = -z**2 - 7*z. What are the prime factors of c(r)?
2, 3
Let t = -5 - -12. Let v = t - 3. Suppose f - v = -f. List the prime factors of f.
2
Let j be (-12)/54 - 4/(-18). Suppose -3*o - h + 116 = j, -6*o - 2*h = -o - 193. What are the prime factors of o?
3, 13
Let o(d) = -d**2 + 6*d - 1. Let c be o(5). Suppose -f - c*f = -30. List the prime factors of f/(-4)*20/(-6).
5
Let i = 10 - -10. What are the prime factors of i?
2, 5
Let u(p) = 20*p**2 - p - 2. List the prime factors of u(1).
17
Let y be 2 + (2 - -2) + -1. Suppose 0 = r - 4*a + 14, y*r + 4*a = -0*r + 50. List the prime factors of r.
2, 3
Suppose 5*u = -p + 17, 2*p + 2*u = -2*u + 10. Let y = p - -5. What are the prime factors of (-10)/4*y*-2?
2, 5
What are the prime factors of (-4)/14 + 8151/133?
61
Suppose 6*d - 4*d - 8 = 0. Let r(p) = -3*p - 3. Let m be r(-2). Suppose 13 = d*q - m. List the prime factors of q.
2
Let z(r) = -r + 2. Let o be z(-2). Suppose -o*i - 19 = 3*a - 103, -4*a + 102 = 2*i. What are the prime factors of a?
2, 3
Suppose -24 = 3*n + 3. Let u be -20*(3 - 17/5). What are the prime factors of ((-14)/u)/(n/36)?
7
Suppose 16*v - 3573 = -293. What are the prime factors of v?
5, 41
What are the prime factors of (-1 + 0)*(-53 + 6 + -1)?
2, 3
Let i(w) = -2*w**2 - 5*w + 1 + w**2 + 2. List the prime factors of i(-4).
7
Let w(t) = t**2 - 2*t + 2. Let p be w(3). Suppose -p*i + 129 = 4*v, 2*i - 3*v = -2*i + 97. What are the prime factors of i?
5
Let q(s) = -s**2 + s + 4. Let n be q(3). Let z be 10 + 2/4*n. Let w(f) = f**3 - 10*f**2 + 9*f + 8. What are the prime factors of w(z)?
2
Let w(n) = n**3 - 9*n**2 + 7*n + 10. Let b be w(8). Let a(g) = -g**2 + 10*g - b + 4 + 3 + 0. List the prime factors of a(10).
5
Suppose -2 = -2*d + 4*d. Let w be (-56)/(-9) - (-2)/(-9). Let i = w - d. List the prime factors of i.
7
Let v(x) = -x**3 + 11*x**2 + 2*x - 1. Let d be v(11). Let f = d - 29. Let r(k) = -k - 3. What are the prime factors of r(f)?
5
Let h(x) = x**3 + 12*x**2 + 12*x + 16. Let t be h(-11). Suppose 4*r = -3*u + u + 74, t = 5*u. What are the prime factors of r?
2, 3
Let l = 9 + 5. What are the prime factors of l?
2, 7
Suppose -r = -2*r + 3*g + 28, 41 = 2*r - g. List the prime factors of r.
19
Suppose -3*m - 1 = 4*s - 21, -4*s = -3*m - 44. Suppose 0*g + 2*g = -2*a - 2, g = -4*a + s. What are the prime factors of a?
3
Let q be 244/20 + (-2)/10. What are the prime factors of (q - 4)/((-4)/(-6))?
2, 3
Suppose 2*s - 7*s = -155. Let h = s - 22. List the prime factors of h.
3
Let w(s) = 12*s**2 - 1. Suppose 3*r + 6 = 2*b - r, r + 3 = -b. What are the prime factors of w(b)?
11
Suppose 116 = 2*n + 2*g, 3*n + g = 41 + 139. What are the prime factors of n?
61
What are the prime factors of (-30)/195 + 951/13?
73
Let m = -109 - -184. What are the prime factors of m?
3, 5
Let v(i) = i**2 + 12. Let m be v(0). Let q = m - -26. What are the prime factors of q?
2, 19
Suppose -i + 2*i - 5*q = -2, 5*i - 3*q - 12 = 0. Let k(g) = -i*g - 3*g - g**2 - 5 - 3*g. What are the prime factors of k(-7)?
3
Suppose 37 = -4*z - j, 0 = 4*z - 0*j + 4*j + 28. Let t be (-1)/((-9)/18 - 9/(-20)). Let b = z + t. List the prime factors of b.
2, 5
What are the prime factors of 45/1 + -1*1?
2, 11
Suppose 5*y + 3*u = 36, -5 = -y + 4*u + 16. List the prime factors of y.
3
Suppose 0 = 3*i - 2*i + 1. Let d(g) = -g**3 + 6*g**2 + 4. Let s be d(6). Let y = i + s. What are the prime factors of y?
3
Suppose -2 + 6 = -4*j. What are the prime factors of (-34)/(1 - (4 + j))?
17
What are the prime factors of 0/2 - (-1 + (1 - 75))?
3, 5
Suppose 0 = 2*p - 4*b + 22, -3*p + 2*p + 3*b - 16 = 0. Let s = -2 + p. Let v = -1 - s. What are the prime factors of v?
2
Suppose -w - 4*m + 16 = -6, 5*w - 3*m + 5 = 0. Suppose 3 = 3*h, -4*h = y + w*y - 4. Suppose -4*a = -0*a - 8, 4*j - 3*a - 42 = y. List the prime factors of j.
2, 3
Let n(g) = -4*g**3 - g**2 - 9*g - 8. Let s(t) = -2*t**3 - 4*t - 4. Let w(b) = 4*n(b) - 9*s(b). What are the prime factors of w(3)?
2, 11
Suppose 3*w = 3*j - 0*j + 21, 0 = 2*w + j - 11. Suppose 3*i - 12 = w. Let g = 2 + i. What are the prime factors of g?
2
Let w be 1/2*-2*-14. Suppose w = 2*n - 42. List the prime factors of n.
2, 7
Suppose -3*d + 4*n - n = -3, 4*d = -4*n + 36. Suppose -3*r = -5*g + 1 - d, -2*r = -2*g - 4. List the prime factors of r.
3
Let p(m) = 1 + m**2 - 8 - 5*m + m. What are the prime factors of p(6)?
5
Let v(k) = -2*k + 2. Let n be v(-7). Suppose n = 2*t - 16. Suppose 5*g - 25 = -5*z, -4*z - g + t = 4*g. What are the prime factors of z?
3
Let f(b) = 0*b + 3*b - 4*b + 1. Let p be f(-1). Suppose 0 = k - p*k + 6. What are the prime factors of k?
2, 3
Let q(t) = -2*t + 7. What are the prime factors of q(-5)?
17
Let s(o) = 13*o**2 + o - 1. Let v = 9 + -8. What are the prime factors of s(v)?
13
Let r = -6 + 10. Suppose -9 = -c - r. List the prime factors of c.